u) = -u**3 + 53*u**2 - 233*u + 256. What is x(3)?
7
Let p(a) = -a**3 + 22*a**2 + 254*a - 5902. Give p(20).
-22
Let o(m) = -m**2 - 3530*m - 458266. Give o(-135).
59
Let d(r) = -1944*r + 5320. Determine d(2).
1432
Let l(u) = -36*u - 156. Give l(-7).
96
Let l(w) = -3*w**3 - 58*w**2 + 2010*w + 1837. What is l(-37)?
24
Let u(k) = -30281*k + 3361205. Determine u(111).
14
Let l(d) = -48293*d + 144598. What is l(3)?
-281
Let y(h) = 18*h**2 + 125*h - 18. Calculate y(-6).
-120
Let a(z) = -4151*z - 66436. What is a(-16)?
-20
Let f(o) = 2*o**2 - 534*o - 23509. Calculate f(-45).
4571
Let z(s) = 32*s**2 - 538*s - 12. Give z(15).
-882
Let a(v) = v**2 - 12398*v - 410220. Calculate a(-33).
3
Let h(u) = 833*u + 407356. Determine h(-489).
19
Let o(z) = -8674*z + 182237. What is o(21)?
83
Let j(z) = -z**3 - 120*z**2 + 487*z - 497. Calculate j(-124).
619
Let q(k) = -20079*k + 3614216. What is q(180)?
-4
Let x(d) = 8*d**3 - 14*d**2 + 31*d - 359. What is x(9)?
4618
Let a(m) = -m**3 - 34*m**2 - 2160*m - 35603. Calculate a(-19).
22
Let o(x) = 3*x**2 + 45*x + 4. Calculate o(-19).
232
Let z(j) = -136*j - 2530. Give z(-19).
54
Let r(d) = -d**2 - 55*d + 14864. Give r(99).
-382
Let b(o) = 3694*o - 3021677. Calculate b(818).
15
Let b(j) = -j**3 + 49*j**2 - 453*j - 16. Calculate b(37).
-349
Let z(t) = 4064*t - 272543. Calculate z(67).
-255
Let a(d) = 7*d**2 + 584*d - 78351. Determine a(72).
-15
Let t(b) = 5*b**2 + 12628*b + 50433. Determine t(-4).
1
Let c(a) = 16*a**3 - 1744*a**2 + 120. Determine c(109).
120
Let c(f) = -3*f**3 + 16*f**2 + 96*f - 377. Determine c(4).
71
Let i(x) = 550*x**3 - 5*x**2 - 8*x - 2. Determine i(-1).
-549
Let b(r) = -802*r + 315303. Calculate b(393).
117
Let p(g) = -232*g**2 - 17862*g + 60. Calculate p(-77).
-94
Let w(m) = -20627*m + 54. What is w(0)?
54
Let r(b) = b**2 - 209*b + 10567. Determine r(110).
-323
Let o(a) = -3*a**2 + 397*a + 4156. What is o(-10)?
-114
Let m(x) = 3*x**3 - 351*x**2 + 347*x - 73. What is m(116)?
-189
Let h(z) = 15141*z**2 - 3951800*z - 269. Give h(261).
-8
Let t(a) = -34*a**2 + 1571*a - 1. Give t(48).
-2929
Let b(p) = -564*p**3 + 4*p**2 - 31*p + 27. Calculate b(1).
-564
Let j(f) = 61*f**2 + 2277*f - 34893. Determine j(-49).
-5
Let o(r) = 2*r**3 - 92*r**2 - 273*r + 22831. What is o(43)?
-2
Let l(t) = -t**3 + 24*t**2 + 381*t - 7429. Determine l(28).
103
Let j(s) = 15*s**2 + 1048*s + 230. Determine j(-70).
370
Let g(l) = -l**3 - 15*l**2 + 295*l + 1899. Determine g(-24).
3
Let d(f) = 17606*f + 104365. What is d(-6)?
-1271
Let l(x) = 6758*x + 175681. What is l(-26)?
-27
Let p(o) = -o**3 + 5*o**2 + 1559*o + 202. Determine p(-37).
17
Let f(s) = -526*s + 15128. Determine f(22).
3556
Let f(x) = -199*x + 8982. Calculate f(37).
1619
Let n(r) = 326*r**2 + 2657*r - 2658. Calculate n(1).
325
Let v(s) = s**3 + 149*s**2 + 732*s + 2. Determine v(-5).
-58
Let a(o) = -o**2 - 2466*o + 32222. Calculate a(13).
-5
Let g(y) = -3*y**2 + 618*y - 32000. What is g(93)?
-473
Let b(d) = 23390*d + 912288. What is b(-39)?
78
Let c(s) = -45*s**2 + 1401*s + 12104. What is c(-7)?
92
Let a(i) = i**2 + 2538*i + 165553. Give a(-67).
-4
Let g(s) = -32*s**3 - 8224*s**2 - 24*s - 6210. Determine g(-257).
-42
Let c(y) = -197*y + 17775. Determine c(91).
-152
Let q(y) = y**3 + 7*y**2 - 534*y - 5439. Determine q(-11).
-49
Let g(w) = 165*w**2 + 29366*w - 758. Determine g(-178).
-46
Let v(f) = -221*f**2 + 32*f - 30. Calculate v(1).
-219
Let y(f) = -f**3 + 103*f**2 + 1731*f + 2901. Determine y(-13).
2
Let c(w) = -208701*w - 12730767. Determine c(-61).
-6
Let f(i) = -i**3 + 38*i**2 - 99*i + 193. Calculate f(36).
-779
Let p(t) = 9*t**3 + 2874*t**2 - 1921*t - 387. What is p(-320)?
-67
Let l(f) = 2082*f - 85586. Calculate l(41).
-224
Let g(b) = -838*b**2 + 104748*b + 252. What is g(125)?
2
Let z(w) = -w**3 - 143514*w**2 + 7752671*w + 52. Calculate z(54).
-2
Let c(l) = 13118*l**2 - 1193723*l - 1362. What is c(91)?
3
Let c(x) = x**3 + 1223*x**2 + 34632*x + 7157. Calculate c(-1194).
-7
Let x(a) = 53*a**2 - 1599*a + 11185. Determine x(11).
9
Let v(m) = -18*m**2 - 421*m + 144. Give v(-22).
694
Let n(t) = 6083*t + 31091. Calculate n(-5).
676
Let q(c) = -3081*c + 67821. Give q(22).
39
Let k(b) = -4*b - 1257. Calculate k(-141).
-693
Let l(w) = 1359*w - 16361. Calculate l(12).
-53
Let f(w) = -43*w**3 + 7*w**2 + 3*w - 33. Give f(2).
-343
Let s(n) = n**3 + 20*n**2 + 787*n + 14571. What is s(-19)?
-21
Let l(t) = 21*t**3 + 1893*t**2 + 266*t + 403. Give l(-90).
763
Let r(f) = 2*f**2 - 200*f + 855. What is r(98)?
463
Let g(t) = 8*t**2 - 230*t + 2181. Give g(9).
759
Let p(r) = 3*r**3 - 8*r**2 - 174*r - 330. What is p(-2)?
-38
Let c(w) = 3*w**2 + 2763*w + 302504. Determine c(-794).
-10
Let i(h) = -9*h**2 - 93*h + 474. Give i(5).
-216
Let n(r) = r**3 - 2*r**2 - 4540*r + 27192. Determine n(6).
96
Let r(k) = -94*k - 3953. Determine r(-41).
-99
Let c(v) = 3*v**3 - 148*v**2 + 1520*v + 5575. Calculate c(21).
10
Let g(s) = 2723*s - 7925. Determine g(3).
244
Let k(g) = 1241*g - 18939. What is k(16)?
917
Let p(z) = 86740*z + 693896. What is p(-8)?
-24
Let i(n) = -345*n - 14634. Give i(-42).
-144
Let d(c) = c**3 - 31*c**2 + 14*c - 273. What is d(32)?
1199
Let q(l) = 55*l**3 + 43*l**2 - 60*l + 17. Determine q(1).
55
Let h(d) = -d**3 + 53*d**2 + 48*d - 109. Give h(54).
-433
Let t(p) = -1580*p - 91662. What is t(-58)?
-22
Let o(y) = -11*y**3 - 252*y**2 + 27*y + 188. Calculate o(-23).
96
Let v(d) = -d**3 + 68*d**2 + 149*d - 762. Give v(70).
-132
Let i(v) = -v**2 + 37*v + 90. Calculate i(34).
192
Let r(x) = -2520*x - 16035. Give r(-6).
-915
Let s(r) = -2*r**2 - 391*r - 9444. Calculate s(-26).
-630
Let f(c) = -19414*c + 776644. Calculate f(40).
84
Let s(y) = 501*y - 4754. Calculate s(10).
256
Let i(a) = 267*a**3 - 56335*a**2 - 413*a - 1903. What is i(211)?
-4
Let f(h) = -11*h**3 + 331*h**2 - 387*h + 10708. Determine f(30).
-2
Let l(m) = 848026*m - 3392112. What is l(4)?
-8
Let w(b) = 8038*b + 2966034. Determine w(-369).
12
Let x(q) = 1420*q + 1535. Calculate x(-1).
115
Let k(o) = -86030*o + 4043423. What is k(47)?
13
Let n(m) = 419*m**2 + 6943*m + 3824. Calculate n(-16).
0
Let a(r) = -262*r + 30159. What is a(115)?
29
Let y(z) = 7190*z + 14563. Determine y(-2).
183
Let m(o) = -9*o**3 - 256*o**2 - 105. Give m(0).
-105
Let g(z) = z**3 + 6*z**2 + 2803*z + 22543. Determine g(-8).
-9
Let o(n) = -2*n**3 + 52*n**2 + 418*n + 754. Calculate o(-3).
22
Let f(g) = 2*g**3 + 265*g**2 + 128*g - 632. Determine f(-132).
-104
Let q(m) = -5688*m - 15061. Determine q(-3).
2003
Let y(u) = 19396*u - 12491032. What is y(644)?
-8
Let a(y) = -24*y**3 + 4*y**2 - 5*y + 70. Calculate a(5).
-2855
Let m(h) = -h**3 - 34*h**2 - 61*h - 502. Give m(-30).
-2272
Let b(o) = 223*o + 9481. Determine b(-42).
115
Let z(h) = 2755*h + 4542976. Calculate z(-1649).
-19
Let w(q) = -373*q - 5434. Determine w(-11).
-1331
Let b(p) = -72139*p - 721393. Calculate b(-10).
-3
Let k(o) = 2168*o - 396809. Determine k(183).
-65
Let o(x) = -x**3 + 14*x**2 + x - 138. Give o(18).
-1416
Let h(i) = 2*i**2 + 1141*i - 50233. Determine h(41).
-90
Let b(n) = -n**2 + 24148*n - 22. Give b(0).
-22
Let a(w) = 10*w**2 + 647*w - 3499. Determine a(5).
-14
Let r(v) = -5084*v + 208633. Give r(41).
189
Let n(q) = 1225*q - 59459. Determine n(45).
-4334
Let m(l) = l**3 + 5*l**2 + 3949*l + 27713. What is m(-7)?
-28
Let m(n) = 22676*n + 1383402. Give m(-61).
166
Let r(j) = j**2 - 3487*j - 245384. What is r(-69)?
-20
Let g(m) = m**3 - 38*m**2 - 228*m + 589. Give g(43).
30
Let w(s) = -87032*s - 522227. Calculate w(-6).
-35
Let p(s) = 15*s**3 - 158*s**2 + 4*s + 384. Determine p(10).
-376
Let h(v) = -2*v**2 + 45999*v + 276070. Calculate h(-6).
4
Let g(v) = 15*v**2 + 435*v + 1166. What is g(-26)?
-4
Let q(o) = 2*o**3 - 946*o**2 - 6724*o + 1140. Determine q(480).
-780
Let l(k) = 10*k**2 - 2*k + 16. Determine l(-5).
276
Let s(h) = 2902*h**2 - 589106*h - 2. Calculate s(203).
-2
Let r(n) = -6*n**3 - 1577*n**2 + 6293*n + 11. Determine r(4).
-433
Let k(t) = 2*t**3 - 385*t**2 - 9904*t + 101. Determine k(-23).
-106
Let f(j) = 2*j**3 + 300*j**2 - 2524*j - 401. Give f(-158).
-1033
Let p(f) = -2695*f + 353486. Determine p(131).
441
Let s(r) = 32*r**2 - 2328*r - 550. Determine s(73).
34
Let n(y) = 75*y - 9790. What is n(143)?
935
Let t(z) = 4*z**3 - 37*z**2 + 26*z + 44. Determine t(8).
-68
Let u(t